{"id":16,"date":"2025-11-13T13:44:56","date_gmt":"2025-11-13T12:44:56","guid":{"rendered":"https:\/\/lesfilmsdupercehier.fr\/?page_id=16"},"modified":"2026-01-16T15:55:25","modified_gmt":"2026-01-16T14:55:25","slug":"les-films-du-perce-hier","status":"publish","type":"page","link":"https:\/\/lesfilmsdupercehier.fr\/","title":{"rendered":"Les Films du Perce-Hier"},"content":{"rendered":"\t\t<div data-elementor-type=\"wp-page\" data-elementor-id=\"16\" class=\"elementor elementor-16\">\n\t\t\t\t<div class=\"elementor-element elementor-element-b8ad938 e-flex e-con-boxed e-con e-parent\" data-id=\"b8ad938\" data-element_type=\"container\" data-settings=\"{&quot;background_background&quot;:&quot;classic&quot;}\">\n\t\t\t\t\t<div class=\"e-con-inner\">\n\t\t<div class=\"elementor-element elementor-element-9b9f1a3 e-con-full e-flex e-con e-child\" data-id=\"9b9f1a3\" data-element_type=\"container\">\n\t\t\t\t<div class=\"elementor-element elementor-element-8dd448a elementor-widget elementor-widget-image\" data-id=\"8dd448a\" data-element_type=\"widget\" data-widget_type=\"image.default\">\n\t\t\t\t\t\t\t\t\t\t\t\t\t\t\t\t<a href=\"\/\">\n\t\t\t\t\t\t\t<img decoding=\"async\" width=\"150\" height=\"80\" src=\"https:\/\/lesfilmsdupercehier.fr\/wp-content\/uploads\/2025\/11\/lfdph_logo.webp\" class=\"attachment-thumbnail size-thumbnail wp-image-89\" alt=\"Les Films du Perce-Hier\" \/>\t\t\t\t\t\t\t\t<\/a>\n\t\t\t\t\t\t\t\t\t\t\t\t\t\t\t<\/div>\n\t\t<div class=\"elementor-element elementor-element-688e007 e-con-full e-flex e-con e-child\" data-id=\"688e007\" data-element_type=\"container\">\n\t\t\t\t<div class=\"elementor-element elementor-element-2a60e02 elementor-hidden-desktop elementor-hidden-tablet elementor-hidden-mobile elementor-widget elementor-widget-button\" data-id=\"2a60e02\" data-element_type=\"widget\" data-widget_type=\"button.default\">\n\t\t\t\t\t\t\t\t\t\t<a class=\"elementor-button elementor-button-link elementor-size-sm\" href=\"\/index.php\/fph-prod\/\">\n\t\t\t\t\t\t<span class=\"elementor-button-content-wrapper\">\n\t\t\t\t\t\t\t\t\t<span class=\"elementor-button-text\">L'agence<\/span>\n\t\t\t\t\t<\/span>\n\t\t\t\t\t<\/a>\n\t\t\t\t\t\t\t\t<\/div>\n\t\t\t\t<div class=\"elementor-element elementor-element-4dc75db elementor-widget elementor-widget-button\" data-id=\"4dc75db\" data-element_type=\"widget\" data-widget_type=\"button.default\">\n\t\t\t\t\t\t\t\t\t\t<a class=\"elementor-button elementor-button-link elementor-size-sm\" href=\"\/index.php\/nos-productions\">\n\t\t\t\t\t\t<span class=\"elementor-button-content-wrapper\">\n\t\t\t\t\t\t\t\t\t<span class=\"elementor-button-text\">NOS VALEURS<\/span>\n\t\t\t\t\t<\/span>\n\t\t\t\t\t<\/a>\n\t\t\t\t\t\t\t\t<\/div>\n\t\t\t\t<div class=\"elementor-element elementor-element-0af0c39 elementor-widget elementor-widget-button\" data-id=\"0af0c39\" data-element_type=\"widget\" data-widget_type=\"button.default\">\n\t\t\t\t\t\t\t\t\t\t<a class=\"elementor-button elementor-button-link elementor-size-sm\" href=\"\/index.php\/eco-production\/\">\n\t\t\t\t\t\t<span class=\"elementor-button-content-wrapper\">\n\t\t\t\t\t\t\t\t\t<span class=\"elementor-button-text\">ECO-PRODUCTION<\/span>\n\t\t\t\t\t<\/span>\n\t\t\t\t\t<\/a>\n\t\t\t\t\t\t\t\t<\/div>\n\t\t\t\t<\/div>\n\t\t\t\t<\/div>\n\t\t\t\t<div class=\"elementor-element elementor-element-5c9cce9 elementor-widget elementor-widget-image\" data-id=\"5c9cce9\" data-element_type=\"widget\" data-widget_type=\"image.default\">\n\t\t\t\t\t\t\t\t\t\t\t\t\t\t\t<img fetchpriority=\"high\" decoding=\"async\" width=\"1920\" height=\"541\" src=\"https:\/\/lesfilmsdupercehier.fr\/wp-content\/uploads\/2025\/11\/logo_lfdph.webp\" class=\"attachment-full size-full wp-image-256\" alt=\"\" \/>\t\t\t\t\t\t\t\t\t\t\t\t\t\t\t<\/div>\n\t\t\t\t<div class=\"elementor-element elementor-element-8917818 elementor-widget elementor-widget-video\" data-id=\"8917818\" data-element_type=\"widget\" data-settings=\"{&quot;autoplay&quot;:&quot;yes&quot;,&quot;mute&quot;:&quot;yes&quot;,&quot;loop&quot;:&quot;yes&quot;,&quot;video_type&quot;:&quot;hosted&quot;}\" data-widget_type=\"video.default\">\n\t\t\t\t\t\t\t<div class=\"e-hosted-video elementor-wrapper elementor-open-inline\">\n\t\t\t\t\t<video class=\"elementor-video\" src=\"https:\/\/lesfilmsdupercehier.fr\/wp-content\/uploads\/2025\/12\/TROIS_PTITES_MARCHES_FDF_VF.mp4\" autoplay=\"\" loop=\"\" muted=\"muted\" controlsList=\"nodownload\" poster=\"https:\/\/lesfilmsdupercehier.fr\/wp-content\/uploads\/2025\/12\/UCUR1_PROMO.png\"><\/video>\n\t\t\t\t<\/div>\n\t\t\t\t\t\t<\/div>\n\t\t<div class=\"elementor-element elementor-element-a2f62c0 e-con-full e-flex e-con e-child\" data-id=\"a2f62c0\" data-element_type=\"container\">\n\t\t<div class=\"elementor-element elementor-element-94c6002 e-con-full e-flex e-con e-child\" data-id=\"94c6002\" data-element_type=\"container\">\n\t\t\t\t<div class=\"elementor-element elementor-element-41bed90 elementor-widget elementor-widget-heading\" data-id=\"41bed90\" data-element_type=\"widget\" data-widget_type=\"heading.default\">\n\t\t\t\t\t<h2 class=\"elementor-heading-title elementor-size-default\">Nos productions<\/h2>\t\t\t\t<\/div>\n\t\t\t\t<div class=\"elementor-element elementor-element-c15ad57 elementor-widget elementor-widget-button\" data-id=\"c15ad57\" data-element_type=\"widget\" data-widget_type=\"button.default\">\n\t\t\t\t\t\t\t\t\t\t<a class=\"elementor-button elementor-button-link elementor-size-sm\" href=\"\/index.php\/nos-productions\/\">\n\t\t\t\t\t\t<span class=\"elementor-button-content-wrapper\">\n\t\t\t\t\t\t\t\t\t<span class=\"elementor-button-text\">En savoir plus<\/span>\n\t\t\t\t\t<\/span>\n\t\t\t\t\t<\/a>\n\t\t\t\t\t\t\t\t<\/div>\n\t\t\t\t<\/div>\n\t\t\t\t<div class=\"elementor-element elementor-element-b086a5b elementor-widget__width-initial elementor-widget elementor-widget-text-editor\" data-id=\"b086a5b\" data-element_type=\"widget\" data-widget_type=\"text-editor.default\">\n\t\t\t\t\t\t\t\t\t<p>Les Films du Perce-Hier est une soci\u00e9t\u00e9 de production qui se veut \u00eatre un laboratoire de cr\u00e9ation et d\u2019exp\u00e9rimentation. Nous avons \u00e0 c\u0153ur de repenser les m\u00e9thodes de production cin\u00e9ma et animation traditionnelles, pour les adapter aux contraintes \u00e9cologiques et environnementales \u00e0 venir, mais aussi cr\u00e9er un mod\u00e8le de production qui place les techniciens.ennes &amp; les artistes au coeur du processus de cr\u00e9ation.\u00a0<\/p>\t\t\t\t\t\t\t\t<\/div>\n\t\t\t\t<div class=\"elementor-element elementor-element-28967fa elementor-widget-divider--view-line elementor-widget elementor-widget-divider\" data-id=\"28967fa\" data-element_type=\"widget\" data-widget_type=\"divider.default\">\n\t\t\t\t\t\t\t<div class=\"elementor-divider\">\n\t\t\t<span class=\"elementor-divider-separator\">\n\t\t\t\t\t\t<\/span>\n\t\t<\/div>\n\t\t\t\t\t\t<\/div>\n\t\t\t\t<div class=\"elementor-element elementor-element-54f719c elementor-widget elementor-widget-image\" data-id=\"54f719c\" data-element_type=\"widget\" data-widget_type=\"image.default\">\n\t\t\t\t\t\t\t\t\t\t\t\t\t\t\t<img decoding=\"async\" width=\"800\" height=\"450\" src=\"https:\/\/lesfilmsdupercehier.fr\/wp-content\/uploads\/2026\/01\/Sequence-01.00_00_06_20.Still026-1024x576.webp\" class=\"attachment-large size-large wp-image-510\" alt=\"\" srcset=\"https:\/\/lesfilmsdupercehier.fr\/wp-content\/uploads\/2026\/01\/Sequence-01.00_00_06_20.Still026-1024x576.webp 1024w, https:\/\/lesfilmsdupercehier.fr\/wp-content\/uploads\/2026\/01\/Sequence-01.00_00_06_20.Still026-300x169.webp 300w, https:\/\/lesfilmsdupercehier.fr\/wp-content\/uploads\/2026\/01\/Sequence-01.00_00_06_20.Still026-768x432.webp 768w, https:\/\/lesfilmsdupercehier.fr\/wp-content\/uploads\/2026\/01\/Sequence-01.00_00_06_20.Still026-1536x864.webp 1536w, https:\/\/lesfilmsdupercehier.fr\/wp-content\/uploads\/2026\/01\/Sequence-01.00_00_06_20.Still026.webp 1920w\" sizes=\"(max-width: 800px) 100vw, 800px\" \/>\t\t\t\t\t\t\t\t\t\t\t\t\t\t\t<\/div>\n\t\t\t\t<div class=\"elementor-element elementor-element-ea8d4b2 elementor-widget elementor-widget-text-editor\" data-id=\"ea8d4b2\" data-element_type=\"widget\" data-widget_type=\"text-editor.default\">\n\t\t\t\t\t\t\t\t\t<p><span style=\"text-decoration: underline;\"><strong>Genre :<\/strong><\/span> Animation, documentaire<\/p><p><strong><span style=\"text-decoration: underline;\">R\u00e9alisation :<\/span><\/strong> Naej Askal<\/p><p><strong><span style=\"text-decoration: underline;\">Co-production<\/span> :<\/strong><\/p><p>Au Fil des Images, Les Films du Perce-Hier<\/p><p><span style=\"text-decoration: underline;\"><strong>Statut :<\/strong><\/span> En cours de production<\/p>\t\t\t\t\t\t\t\t<\/div>\n\t\t\t\t<div class=\"elementor-element elementor-element-42d3729 elementor-widget elementor-widget-text-editor\" data-id=\"42d3729\" data-element_type=\"widget\" data-widget_type=\"text-editor.default\">\n\t\t\t\t\t\t\t\t\t<p><strong>Un clip, un regard<\/strong> est une s\u00e9rie de court-m\u00e9trages pour donner la parole \u00e0 ceux qui ne l&rsquo;ont pas. Ce sont des court-m\u00e9trages d&rsquo;animation \u00e9crits par des personnes en situation de handicap, des espaces de libert\u00e9 pour sensibiliser \u00e0 cette probl\u00e9matique de mani\u00e8re sinc\u00e8re, juste et po\u00e9tique.<\/p>\t\t\t\t\t\t\t\t<\/div>\n\t\t\t\t<div class=\"elementor-element elementor-element-3451088 elementor-widget-divider--view-line elementor-widget elementor-widget-divider\" data-id=\"3451088\" data-element_type=\"widget\" data-widget_type=\"divider.default\">\n\t\t\t\t\t\t\t<div class=\"elementor-divider\">\n\t\t\t<span class=\"elementor-divider-separator\">\n\t\t\t\t\t\t<\/span>\n\t\t<\/div>\n\t\t\t\t\t\t<\/div>\n\t\t\t\t<div class=\"elementor-element elementor-element-0797e73 elementor-widget elementor-widget-image\" data-id=\"0797e73\" data-element_type=\"widget\" data-widget_type=\"image.default\">\n\t\t\t\t\t\t\t\t\t\t\t\t\t\t\t<img loading=\"lazy\" decoding=\"async\" width=\"800\" height=\"340\" src=\"https:\/\/lesfilmsdupercehier.fr\/wp-content\/uploads\/2026\/01\/GENERIQUES_SITE_WEB1_01-1024x435.jpg\" class=\"attachment-large size-large wp-image-525\" alt=\"\" srcset=\"https:\/\/lesfilmsdupercehier.fr\/wp-content\/uploads\/2026\/01\/GENERIQUES_SITE_WEB1_01-1024x435.jpg 1024w, https:\/\/lesfilmsdupercehier.fr\/wp-content\/uploads\/2026\/01\/GENERIQUES_SITE_WEB1_01-300x128.jpg 300w, https:\/\/lesfilmsdupercehier.fr\/wp-content\/uploads\/2026\/01\/GENERIQUES_SITE_WEB1_01-768x326.jpg 768w, https:\/\/lesfilmsdupercehier.fr\/wp-content\/uploads\/2026\/01\/GENERIQUES_SITE_WEB1_01-1536x653.jpg 1536w, https:\/\/lesfilmsdupercehier.fr\/wp-content\/uploads\/2026\/01\/GENERIQUES_SITE_WEB1_01-2048x870.jpg 2048w\" sizes=\"(max-width: 800px) 100vw, 800px\" \/>\t\t\t\t\t\t\t\t\t\t\t\t\t\t\t<\/div>\n\t\t\t\t<div class=\"elementor-element elementor-element-9151b5a elementor-widget elementor-widget-text-editor\" data-id=\"9151b5a\" data-element_type=\"widget\" data-widget_type=\"text-editor.default\">\n\t\t\t\t\t\t\t\t\t<p><span style=\"text-decoration: underline;\"><strong>Production :<\/strong><\/span> Les Films du Perce-Hier<\/p><p><span style=\"text-decoration: underline;\"><strong>Genre :<\/strong><\/span> Animation, fiction<\/p><p><span style=\"text-decoration: underline;\"><strong>Sc\u00e9nario :<\/strong><\/span> Brice Barrier<\/p><p><span style=\"text-decoration: underline;\"><strong>R\u00e9alisation :<\/strong><\/span> Naej Askal<\/p><p><span style=\"text-decoration: underline;\"><strong>Statut :<\/strong><\/span> En d\u00e9veloppement<\/p><p>\u00a0<\/p>\t\t\t\t\t\t\t\t<\/div>\n\t\t\t\t<div class=\"elementor-element elementor-element-d3d71d9 elementor-widget elementor-widget-text-editor\" data-id=\"d3d71d9\" data-element_type=\"widget\" data-widget_type=\"text-editor.default\">\n\t\t\t\t\t\t\t\t\t<p><span style=\"text-decoration: underline;\"><strong>Pitch :<\/strong><\/span> D\u00e9but de soir\u00e9e, en pleine semaine, devant un h\u00f4pital. Un gar\u00e7on d&rsquo;une dizaine d&rsquo;ann\u00e9es essaie de rentrer \u00e0 l&rsquo;int\u00e9rieur, mais la porte lui reste d\u00e9sesp\u00e9r\u00e9ment ferm\u00e9&#8230; Il va devoir trouver un moyen.<\/p>\t\t\t\t\t\t\t\t<\/div>\n\t\t\t\t<\/div>\n\t\t\t\t\t<\/div>\n\t\t\t\t<\/div>\n\t\t<div class=\"elementor-element elementor-element-fd746d1 e-flex e-con-boxed e-con e-parent\" data-id=\"fd746d1\" data-element_type=\"container\">\n\t\t\t\t\t<div class=\"e-con-inner\">\n\t\t\t\t\t<\/div>\n\t\t\t\t<\/div>\n\t\t<div class=\"elementor-element elementor-element-34a2aef e-flex e-con-boxed e-con e-parent\" data-id=\"34a2aef\" data-element_type=\"container\">\n\t\t\t\t\t<div class=\"e-con-inner\">\n\t\t\t\t\t<\/div>\n\t\t\t\t<\/div>\n\t\t\t\t<\/div>\n\t\t","protected":false},"excerpt":{"rendered":"<p>L&rsquo;agence NOS VALEURS ECO-PRODUCTION https:\/\/lesfilmsdupercehier.fr\/wp-content\/uploads\/2025\/12\/TROIS_PTITES_MARCHES_FDF_VF.mp4 Nos productions En savoir plus Les Films du Perce-Hier est une soci\u00e9t\u00e9 de production qui se veut \u00eatre un laboratoire de cr\u00e9ation et d\u2019exp\u00e9rimentation. Nous avons \u00e0 c\u0153ur de repenser les m\u00e9thodes de production cin\u00e9ma et animation traditionnelles, pour les adapter aux contraintes \u00e9cologiques et environnementales \u00e0 venir, mais aussi [&hellip;]<\/p>\n","protected":false},"author":1,"featured_media":0,"parent":0,"menu_order":0,"comment_status":"closed","ping_status":"closed","template":"","meta":{"footnotes":""},"class_list":["post-16","page","type-page","status-publish","hentry"],"_links":{"self":[{"href":"https:\/\/lesfilmsdupercehier.fr\/index.php\/wp-json\/wp\/v2\/pages\/16","targetHints":{"allow":["GET"]}}],"collection":[{"href":"https:\/\/lesfilmsdupercehier.fr\/index.php\/wp-json\/wp\/v2\/pages"}],"about":[{"href":"https:\/\/lesfilmsdupercehier.fr\/index.php\/wp-json\/wp\/v2\/types\/page"}],"author":[{"embeddable":true,"href":"https:\/\/lesfilmsdupercehier.fr\/index.php\/wp-json\/wp\/v2\/users\/1"}],"replies":[{"embeddable":true,"href":"https:\/\/lesfilmsdupercehier.fr\/index.php\/wp-json\/wp\/v2\/comments?post=16"}],"version-history":[{"count":187,"href":"https:\/\/lesfilmsdupercehier.fr\/index.php\/wp-json\/wp\/v2\/pages\/16\/revisions"}],"predecessor-version":[{"id":589,"href":"https:\/\/lesfilmsdupercehier.fr\/index.php\/wp-json\/wp\/v2\/pages\/16\/revisions\/589"}],"wp:attachment":[{"href":"https:\/\/lesfilmsdupercehier.fr\/index.php\/wp-json\/wp\/v2\/media?parent=16"}],"curies":[{"name":"wp","href":"https:\/\/api.w.org\/{rel}","templated":true}]}}